actor of 584179 and 229?
229
What is the greatest common divisor of 10656 and 4536?
72
What is the highest common divisor of 11937 and 7038?
69
What is the greatest common factor of 484 and 449878?
242
Calculate the highest common divisor of 330 and 69270.
30
What is the greatest common factor of 11 and 317?
1
What is the highest common divisor of 972 and 287091?
27
Calculate the highest common divisor of 1620 and 3330.
90
What is the highest common factor of 1034733 and 294?
147
Calculate the greatest common divisor of 530321 and 407.
407
What is the greatest common divisor of 2482590 and 110?
110
What is the highest common factor of 27210 and 6?
6
What is the highest common factor of 272526 and 15582?
318
Calculate the highest common factor of 2280672 and 576.
288
What is the greatest common divisor of 9327474 and 412?
206
Calculate the highest common factor of 956 and 179489.
239
Calculate the highest common divisor of 110 and 107470.
110
What is the greatest common divisor of 33 and 6567?
33
Calculate the highest common divisor of 9830 and 470.
10
Calculate the highest common divisor of 747 and 2485767.
249
What is the greatest common factor of 684 and 73026?
18
What is the highest common divisor of 525 and 39025?
175
Calculate the highest common divisor of 405 and 3726.
81
What is the greatest common factor of 56027 and 313?
313
What is the highest common factor of 6974 and 127434?
634
What is the highest common divisor of 423 and 163983?
141
What is the greatest common factor of 234 and 258921?
117
Calculate the highest common divisor of 29696 and 8584.
232
What is the greatest common factor of 845 and 130?
65
Calculate the highest common divisor of 14847 and 4343.
101
Calculate the highest common factor of 882 and 107408.
98
Calculate the highest common factor of 3873156 and 56.
28
What is the greatest common factor of 529 and 938446?
529
What is the highest common divisor of 7323 and 3?
3
What is the greatest common divisor of 71795 and 830?
415
What is the greatest common divisor of 18894 and 75375?
201
Calculate the greatest common divisor of 4148 and 12.
4
Calculate the greatest common factor of 12617 and 91760.
1147
What is the greatest common divisor of 275 and 22429?
11
What is the greatest common divisor of 726056 and 376?
376
Calculate the highest common factor of 135 and 49695.
15
Calculate the greatest common factor of 338368 and 2176.
1088
What is the greatest common factor of 738 and 507?
3
Calculate the highest common factor of 3531 and 671.
11
What is the highest common divisor of 2380 and 230180?
340
Calculate the greatest common divisor of 1216 and 400.
16
Calculate the greatest common divisor of 1136230 and 10.
10
Calculate the highest common factor of 26 and 5126.
2
What is the highest common factor of 18718 and 20678?
98
What is the highest common divisor of 329 and 3158729?
329
Calculate the greatest common divisor of 182 and 26278.
14
Calculate the greatest common divisor of 21136 and 5584.
16
What is the greatest common factor of 147 and 344127?
147
What is the highest common divisor of 13745 and 5?
5
What is the greatest common divisor of 1851 and 1190810?
617
Calculate the highest common divisor of 16050 and 16692.
642
Calculate the highest common factor of 50 and 7330.
10
What is the highest common factor of 258 and 25026?
258
What is the highest common factor of 7059 and 65160?
543
What is the highest common factor of 5452 and 4524?
116
What is the highest common factor of 969355 and 5?
5
What is the highest common divisor of 540 and 23980?
20
What is the highest common factor of 349 and 19?
1
What is the highest common factor of 144 and 159864?
24
What is the greatest common factor of 32460 and 72?
12
Calculate the highest common factor of 51 and 117708.
51
Calculate the highest common factor of 2351327 and 5192.
649
Calculate the greatest common divisor of 19 and 131309.
19
What is the highest common divisor of 1088 and 568208?
272
Calculate the greatest common divisor of 294294 and 2541.
231
What is the highest common factor of 37 and 103637?
37
Calculate the greatest common divisor of 850 and 2475.
25
Calculate the highest common divisor of 3521 and 203.
7
What is the highest common divisor of 551 and 19?
19
What is the highest common factor of 174 and 2595036?
174
What is the highest common divisor of 67557 and 63?
21
What is the highest common divisor of 6315 and 345?
15
What is the highest common divisor of 343008 and 125452?
1588
Calculate the greatest common divisor of 455765 and 5.
5
What is the highest common divisor of 27580 and 3780?
140
Calculate the greatest common divisor of 27303822 and 126.
126
What is the greatest common divisor of 45 and 24930?
45
Calculate the highest common divisor of 64728 and 261.
261
Calculate the greatest common divisor of 288 and 2536.
8
What is the greatest common factor of 192 and 16448?
64
Calculate the greatest common factor of 17 and 1163.
1
Calculate the greatest common divisor of 1038648 and 4.
4
Calculate the greatest common factor of 49245 and 105.
105
What is the highest common divisor of 1785 and 9345?
105
What is the greatest common factor of 13067 and 2409?
73
Calculate the highest common divisor of 1107037 and 199.
199
What is the greatest common divisor of 34 and 283934?
34
Calculate the highest common factor of 922720 and 790.
790
Calculate the highest common factor of 1432509 and 78.
39
What is the highest common divisor of 60 and 2414280?
60
Calculate the greatest common divisor of 249333 and 651.
651
What is the highest common factor of 1856 and 580?
116
Calculate the highest common divisor of 30 and 39930.
30
Calculate the greatest common divisor of 594 and 42570.
198
What is the greatest common factor of 224932 and 477?
53
Calculate the greatest common factor of 2002 and 1100.
22
What is the highest common factor of 196 and 455?
7
Calculate the highest common factor of 2284 and 152.
4
Calculate the greatest common factor of 4389281 and 221.
221
What is the highest common factor of 6534583 and 1023?
341
Calculate the greatest common divisor of 14255 and 10.
5
What is the highest common factor of 6 and 187338?
6
What is the greatest common factor of 113 and 617?
1
What is the greatest common divisor of 10554 and 1605967?
1759
Calculate the highest common divisor of 103911 and 57.
57
Calculate the greatest common divisor of 155991 and 100408.
1793
What is the greatest common divisor of 179463 and 8965?
163
What is the greatest common factor of 4284 and 294?
42
What is the greatest common divisor of 78914 and 102?
34
What is the greatest common divisor of 29588 and 156?
52
Calculate the highest common divisor of 1149115 and 935.
935
Calculate the highest common divisor of 1464 and 56913.
183
Calculate the highest common factor of 308784 and 1176.
168
Calculate the highest common divisor of 154026 and 1161.
387
What is the highest common divisor of 1329380 and 156?
52
What is the highest common divisor of 60634 and 28?
14
What is the greatest common divisor of 1147260 and 120?
60
Calculate the highest common factor of 96503 and 566.
283
What is the greatest common divisor of 63 and 42?
21
Calculate the greatest common factor of 1570 and 360.
10
Calculate the greatest common factor of 7749 and 11907.
189
Calculate the greatest common divisor of 215 and 2096035.
215
What is the highest common factor of 416 and 16096?
32
Calculate the highest common divisor of 54 and 8895015.
27
What is the greatest common divisor of 2951901 and 1314?
657
Calculate the highest common divisor of 111447 and 63.
63
What is the highest common divisor of 5931130 and 1390?
1390
What is the greatest common divisor of 350766 and 2106?
234
What is the greatest common divisor of 390 and 371010?
30
What is the greatest common divisor of 13140 and 40140?
180
Calculate the greatest common divisor of 14440 and 160.
40
What is the greatest common divisor of 27986 and 98?
14
Calculate the highest common divisor of 38 and 3154.
38
Calculate the greatest common divisor of 63 and 3285.
9
Calculate the highest common divisor of 3450 and 78936.
138
What is the highest common divisor of 5320 and 24605?
665
Calculate the greatest common divisor of 182095 and 79.
79
What is the highest com